{"id":509,"date":"2017-07-17T09:12:50","date_gmt":"2017-07-17T09:12:50","guid":{"rendered":"http:\/\/demo.mysterythemes.com\/news-portal\/?page_id=16"},"modified":"2021-11-16T09:50:10","modified_gmt":"2021-11-16T12:50:10","slug":"about","status":"publish","type":"page","link":"https:\/\/www.sindiapi.com.br\/2021\/?page_id=509","title":{"rendered":"Sobre n\u00f3s"},"content":{"rendered":"\n<p><strong>Entidade Inscrita<\/strong><\/p>\n\n\n\n<p>Detalhes Entidade<\/p>\n\n\n\n<p>CNPJ:&nbsp;11.509.421\/0001-69<\/p>\n\n\n\n<p>Denomina\u00e7\u00e3o:&nbsp;Sindicato Nacional dos Aposentados, Pensionistas e Idosos da Uni\u00e3o Geral dos Trabalhadores \u2013 SINDIAPI-UGT<\/p>\n\n\n\n<p>Endere\u00e7o:\u00a0Rua Dr. Ricardo Batista, 44 \u2013 Bela Vista<\/p>\n\n\n\n<p>CEP:\u00a001326-040<\/p>\n\n\n\n<p>Cidade\/UF:&nbsp;S\u00e3o Paulo\/SP<\/p>\n","protected":false},"excerpt":{"rendered":"<p>Entidade Inscrita Detalhes Entidade CNPJ:&nbsp;11.509.421\/0001-69 Denomina\u00e7\u00e3o:&nbsp;Sindicato Nacional dos Aposentados, Pensionistas e Idosos da Uni\u00e3o Geral dos Trabalhadores \u2013 SINDIAPI-UGT Endere\u00e7o:\u00a0Rua Dr. Ricardo Batista, 44 \u2013 Bela Vista CEP:\u00a001326-040 Cidade\/UF:&nbsp;S\u00e3o Paulo\/SP<\/p>\n","protected":false},"author":1,"featured_media":0,"parent":0,"menu_order":0,"comment_status":"closed","ping_status":"closed","template":"","meta":{"footnotes":""},"class_list":["post-509","page","type-page","status-publish","hentry"],"blog_post_layout_featured_media_urls":{"thumbnail":"","full":""},"categories_names":null,"comments_number":"0","wpmagazine_modules_lite_featured_media_urls":{"thumbnail":"","cvmm-medium":"","cvmm-medium-plus":"","cvmm-portrait":"","cvmm-medium-square":"","cvmm-large":"","cvmm-small":"","full":""},"_links":{"self":[{"href":"https:\/\/www.sindiapi.com.br\/2021\/index.php?rest_route=\/wp\/v2\/pages\/509","targetHints":{"allow":["GET"]}}],"collection":[{"href":"https:\/\/www.sindiapi.com.br\/2021\/index.php?rest_route=\/wp\/v2\/pages"}],"about":[{"href":"https:\/\/www.sindiapi.com.br\/2021\/index.php?rest_route=\/wp\/v2\/types\/page"}],"author":[{"embeddable":true,"href":"https:\/\/www.sindiapi.com.br\/2021\/index.php?rest_route=\/wp\/v2\/users\/1"}],"replies":[{"embeddable":true,"href":"https:\/\/www.sindiapi.com.br\/2021\/index.php?rest_route=%2Fwp%2Fv2%2Fcomments&post=509"}],"version-history":[{"count":2,"href":"https:\/\/www.sindiapi.com.br\/2021\/index.php?rest_route=\/wp\/v2\/pages\/509\/revisions"}],"predecessor-version":[{"id":770,"href":"https:\/\/www.sindiapi.com.br\/2021\/index.php?rest_route=\/wp\/v2\/pages\/509\/revisions\/770"}],"wp:attachment":[{"href":"https:\/\/www.sindiapi.com.br\/2021\/index.php?rest_route=%2Fwp%2Fv2%2Fmedia&parent=509"}],"curies":[{"name":"wp","href":"https:\/\/api.w.org\/{rel}","templated":true}]}}