{"id":1376,"date":"2024-10-04T16:06:53","date_gmt":"2024-10-04T19:06:53","guid":{"rendered":"https:\/\/www.sindiapi.com.br\/2021\/?page_id=1376"},"modified":"2024-10-09T16:04:20","modified_gmt":"2024-10-09T19:04:20","slug":"beneficios-sao-paulo-6","status":"publish","type":"page","link":"https:\/\/www.sindiapi.com.br\/2021\/?page_id=1376","title":{"rendered":"Benef\u00edcios S\u00e3o Paulo Regi\u00e3o Metropolitana"},"content":{"rendered":"\n<div class=\"wp-block-cover has-background-dim\" style=\"min-height:265px;aspect-ratio:unset;\"><video class=\"wp-block-cover__video-background intrinsic-ignore\" autoplay muted loop playsinline src=\"https:\/\/www.sindiapi.com.br\/2021\/wp-content\/uploads\/2024\/01\/pexels-vlada-karpovich-5798913-1080p.mp4\" style=\"object-position:47% 0%\" data-object-fit=\"cover\" data-object-position=\"47% 0%\"><\/video><div class=\"wp-block-cover__inner-container is-layout-flow wp-block-cover-is-layout-flow\">\n<p class=\"has-large-font-size\"><\/p>\n<\/div><\/div>\n\n\n\n<p class=\"has-large-font-size\"><strong>Auditif Aparelhos Auditivos e CPAP<\/strong><strong><\/strong><\/p>\n\n\n\n<p>Consultas gratuitas;<\/p>\n\n\n\n<p>Aparelho Auditivo&nbsp;desconto de 8% a vista e 5% a prazo;<\/p>\n\n\n\n<p>Aparelho CPAP desconto de 7% a vista e 3% a prazo.<\/p>\n\n\n\n<p>Descontos concedidos para realiza\u00e7\u00e3o de exames:<\/p>\n\n\n\n<p>Audiometria Tonal&#8230;.. de R$ 80,00 com desc. R$ 50,00.<\/p>\n\n\n\n<p>Audiometria Tonal+Vocal&#8230;..de R$ 150,00 com desc. R$ 120,00.<\/p>\n\n\n\n<p>Audiometria Toanl+Vocal+Imitancio&#8230;&#8230;de R$ 280,00 com desc, R$ 210,00<\/p>\n\n\n\n<p>Imitanciometria&#8230;&#8230;de R$ 160,00 com desc. R$ 120,00<\/p>\n\n\n\n<p>Polissonografia Biologix&#8230;..de R$ 350,00 com desc. R$250,00<\/p>\n\n\n\n<p>Polissonografia Biologix (Splirnight com Cpap)&#8230;&#8230;.de R$550,00 com desc. R$ 450,00<\/p>\n\n\n\n<p><strong><u>Loja Mogi das Cruzes<\/u><\/strong><strong><u><\/u><\/strong><\/p>\n\n\n\n<p>Rua Doutor Ricardo Vilela, 332<\/p>\n\n\n\n<p>Centro \u2013 Mogi das Cruzes \u2013 SP &#8211; CEP 08710-150<\/p>\n\n\n\n<p>Hor\u00e1rio de atendimento:<\/p>\n\n\n\n<p>Segunda a sexta-feira das 8h30 \u00e0s 17h00<\/p>\n\n\n\n<p>S\u00e1bado das 08h00 \u00e0s 12h00.<\/p>\n\n\n\n<p>Telefone: (11) 2610-0640 (11) 9.9700-0089<\/p>\n\n\n\n<p><strong><u>Loja Suzano<\/u><\/strong><\/p>\n\n\n\n<p>Rua Benjamin Constant, 1257<\/p>\n\n\n\n<p>Centro \u2013 Suzano \u2013 SP &#8211; CEP 08674-175<\/p>\n\n\n\n<p>Hor\u00e1rio de atendimento:<\/p>\n\n\n\n<p>Segunda a sexta-feira das 8h30 \u00e0s 17h00<\/p>\n\n\n\n<p>S\u00e1bado das 08h00 \u00e0s 12h00.<\/p>\n\n\n\n<p>Telefone: (11) 2891-3899 (11) 9.3221-2216<\/p>\n\n\n\n<p><strong><u>Loja Guarulhos<\/u><\/strong><\/p>\n\n\n\n<p>Rua Doutor Ramos de Azevedo, 159 \u2013 Sala 109 \u2013 Edif\u00edcio Central Office.<\/p>\n\n\n\n<p>Centro \u2013 Guarulhos \u2013 SP &#8211; CEP 07012-020<\/p>\n\n\n\n<p>Hor\u00e1rio de atendimento:<\/p>\n\n\n\n<p>Segunda a sexta-feira das 8h30 \u00e0s 17h00<\/p>\n\n\n\n<p>S\u00e1bado das 08h00 \u00e0s 12h00.<\/p>\n\n\n\n<p>Telefone: (11) 2087-2463 (11) 9.3725-5248<\/p>\n","protected":false},"excerpt":{"rendered":"<p>Auditif Aparelhos Auditivos e CPAP Consultas gratuitas; Aparelho Auditivo&nbsp;desconto de 8% a vista e 5% a prazo; Aparelho CPAP desconto de 7% a vista e 3% a prazo. Descontos concedidos para realiza\u00e7\u00e3o de exames: Audiometria Tonal&#8230;.. de R$ 80,00 com desc. R$ 50,00. Audiometria Tonal+Vocal&#8230;..de R$ 150,00 com desc. R$ 120,00. Audiometria Toanl+Vocal+Imitancio&#8230;&#8230;de R$ 280,00 [&hellip;]<\/p>\n","protected":false},"author":2,"featured_media":0,"parent":0,"menu_order":0,"comment_status":"closed","ping_status":"closed","template":"","meta":{"footnotes":""},"class_list":["post-1376","page","type-page","status-publish","hentry"],"blog_post_layout_featured_media_urls":{"thumbnail":"","full":""},"categories_names":null,"comments_number":"0","wpmagazine_modules_lite_featured_media_urls":{"thumbnail":"","cvmm-medium":"","cvmm-medium-plus":"","cvmm-portrait":"","cvmm-medium-square":"","cvmm-large":"","cvmm-small":"","full":""},"_links":{"self":[{"href":"https:\/\/www.sindiapi.com.br\/2021\/index.php?rest_route=\/wp\/v2\/pages\/1376","targetHints":{"allow":["GET"]}}],"collection":[{"href":"https:\/\/www.sindiapi.com.br\/2021\/index.php?rest_route=\/wp\/v2\/pages"}],"about":[{"href":"https:\/\/www.sindiapi.com.br\/2021\/index.php?rest_route=\/wp\/v2\/types\/page"}],"author":[{"embeddable":true,"href":"https:\/\/www.sindiapi.com.br\/2021\/index.php?rest_route=\/wp\/v2\/users\/2"}],"replies":[{"embeddable":true,"href":"https:\/\/www.sindiapi.com.br\/2021\/index.php?rest_route=%2Fwp%2Fv2%2Fcomments&post=1376"}],"version-history":[{"count":3,"href":"https:\/\/www.sindiapi.com.br\/2021\/index.php?rest_route=\/wp\/v2\/pages\/1376\/revisions"}],"predecessor-version":[{"id":1417,"href":"https:\/\/www.sindiapi.com.br\/2021\/index.php?rest_route=\/wp\/v2\/pages\/1376\/revisions\/1417"}],"wp:attachment":[{"href":"https:\/\/www.sindiapi.com.br\/2021\/index.php?rest_route=%2Fwp%2Fv2%2Fmedia&parent=1376"}],"curies":[{"name":"wp","href":"https:\/\/api.w.org\/{rel}","templated":true}]}}