{"id":1357,"date":"2024-09-10T01:00:14","date_gmt":"2024-09-10T04:00:14","guid":{"rendered":"https:\/\/www.sindiapi.com.br\/2021\/?page_id=1357"},"modified":"2024-09-10T01:00:15","modified_gmt":"2024-09-10T04:00:15","slug":"beneficios-sao-paulo-interior","status":"publish","type":"page","link":"https:\/\/www.sindiapi.com.br\/2021\/?page_id=1357","title":{"rendered":"Benef\u00edcios S\u00e3o Paulo Interior"},"content":{"rendered":"\n<div class=\"wp-block-cover has-background-dim\" style=\"min-height:265px;aspect-ratio:unset;\"><video class=\"wp-block-cover__video-background intrinsic-ignore\" autoplay muted loop playsinline src=\"https:\/\/www.sindiapi.com.br\/2021\/wp-content\/uploads\/2024\/01\/pexels-vlada-karpovich-5798913-1080p.mp4\" style=\"object-position:52% 0%\" data-object-fit=\"cover\" data-object-position=\"52% 0%\"><\/video><div class=\"wp-block-cover__inner-container is-layout-flow wp-block-cover-is-layout-flow\">\n<p class=\"has-large-font-size\"><\/p>\n<\/div><\/div>\n\n\n\n<p class=\"has-large-font-size\" id=\"block-8ee5ec71-645f-4340-8298-d04de70647ca\"><strong>Grupo Microsom Aparelhos Auditivos<\/strong><\/p>\n\n\n\n<p id=\"block-5215016a-9a00-40f9-975d-c6923a3a56a6\">Desconto de 15 % na\u00a0compra de Aparelhos Auditivos.<br>Desconto de 10 % na\u00a0compra de Aparelho para Apneia do Sono<\/p>\n\n\n\n<p><strong>Campinas<\/strong><br>Rua Concei\u00e7\u00e3o, 233 &#8211; salas 307\/308<br>Centro \u2013 Campinas \u2013 CEP 13010-050<br>Hor\u00e1rio de atendimento:<br>Segunda a sexta feira das 8h30 \u00e0s 18h00.<br>S\u00e1bado das 8h30 \u00e0s 12h00.<br>Telefone: (19) 2519-1515 (19) 99841-7764<br>Email: campinas@microsom.com.br<\/p>\n\n\n\n<p><strong>Cerquilho<\/strong><br>R. Dr. Soares Hungria, 424<br>Centro &#8211; Cerquilho \u2013 CEP 18520-000<br>Hor\u00e1rio de atendimento:<br>Segunda a sexta feira das 9h00 \u00e0s 18h00.<br>S\u00e1bado das 8h30 \u00e0s 11h30.<br>Telefone: (15) 3284-3647 (15) 99695-8108<br>Email: microsomcerquilho424@gmail.com<\/p>\n\n\n\n<p><strong>Cruzeiro<\/strong><br>Rua Capit\u00e3o Avelino Bastos, 419<br>Centro &#8211; Cruzeiro \u2013 CEP 12701-440<br>Hor\u00e1rio de atendimento:<br>Segunda a sexta feira das 8h30 \u00e0s 18h00.<br>S\u00e1bado das 8h30 \u00e0s 12h00.<br>Telefone: (12) 3145-4457 (12) 98283-2421<br>Email: microsom.cruzeiro@gmail.com<\/p>\n\n\n\n<p><strong>Guaratinguet\u00e1<\/strong><br>R. Dr. Castro Santos, 77<br>Centro \u2013 Guaratinguet\u00e1 \u2013 CEP 12505-010<br>Hor\u00e1rio de atendimento:<br>Segunda a sexta feira das 8h30 \u00e0s 18h00.<br>S\u00e1bado das 8h30 \u00e0s 12h00.<br>Telefone: (12) 3132-2276 (12) 97405-5556<br>Email: microsomguara@gmail.com<\/p>\n\n\n\n<p><strong>Itu<\/strong><br>Rua Santa Rita, 123<br>Centro \u2013 Itu \u2013 CEP 13313-070<br>Hor\u00e1rio de atendimento:<br>Segunda a sexta feira das 9h00 \u00e0s 18h00.<br>S\u00e1bado das 8h30 \u00e0s 11h30.<br>Telefone: (11) 4023-2336 (11) 94745-3257<br>Email: microsomitu@gmail.com<\/p>\n\n\n\n<p><strong>Jacare\u00ed<\/strong><br>Pra\u00e7a Padre Anchieta, 11<br>Jardim Pereira do Amparo &#8211; Jacare\u00ed \u2013 CEP 12327-200<br>Hor\u00e1rio de atendimento:<br>Segunda a sexta feira das 9h00 \u00e0s 18h00.<br>S\u00e1bado das 8h30 \u00e0s 12h00.<br>Telefone: (12) 3951-7837 (12) 99635-1437<br>Email: jacarei@microsom.com.br<\/p>\n\n\n\n<p><strong>Jundiai<\/strong><br>Rua Capit\u00e3o Cassiano Ricardo de Toledo, 191 &#8211; Loja 01<br>Ch\u00e1cara Urbana \u2013 Jundiai \u2013 CEP 13209-000<br>Hor\u00e1rio de atendimento:<br>Segunda a sexta feira das 08h30 \u00e0s 18h00.<br>S\u00e1bado das 8h30 \u00e0s 12h00.<br>Telefone: (11) 4523-4460 (11) 99626-3221<br>Email: jundiai@microsom.com.br<\/p>\n\n\n\n<p><strong>Presidente Prudente<\/strong><br>Rua Bar\u00e3o do Rio Branco, 792<br>Vila do Est\u00e1dio &#8211; Presidente Prudente \u2013 CEP 19015-010<br>Hor\u00e1rio de atendimento:<br>Segunda a sexta feira das 08h00 \u00e0s 18h00.<br>Telefone: (18) 3903-1259 (18) 99746-2407<br>Email: sandra.fono@gmail.com<\/p>\n\n\n\n<p><strong>Ribeir\u00e3o Preto<\/strong><br>Rua Campos Salles, 1775<br>Centro &#8211; Ribeir\u00e3o Preto \u2013 CEP 14015-110<br>Hor\u00e1rio de atendimento:<br>Segunda a sexta feira das 08h30 \u00e0s 18h00.<br>S\u00e1bado das 8h30 \u00e0s 12h00.<br>Telefone: (16) 3103-1510 (16) 99707-9119<br>Email: ribeirao.preto@microsom.com.br<\/p>\n\n\n\n<p><strong>S\u00e3o Jos\u00e9 do Rio Preto<\/strong><br>Rua Independ\u00eancia, 4133<br>Vila Aurora &#8211; S\u00e3o Jos\u00e9 do Rio Preto \u2013 CEP 15014-400<br>Hor\u00e1rio de atendimento:<br>Segunda a sexta feira das 08h00 \u00e0s 18h00.<br>Telefone: (17) 3011-3358<br>Email: elimicrosom@gmail.com<\/p>\n\n\n\n<p><strong>S\u00e3o Jos\u00e9 dos Campos<\/strong><br>Rua Humait\u00e1, 533<br>Centro &#8211; S\u00e3o Jose dos Campos \u2013 CEP 12245-040<br>Hor\u00e1rio de atendimento:<br>Segunda a sexta feira das 08h30 \u00e0s 18h00.<br>S\u00e1bado das 8h30 \u00e0s 12h00.<br>Telefone: (12) 3922-3346 (12) 99635-1437<br>Email: jacarei@microsom.com.br<\/p>\n\n\n\n<p><strong>S\u00e3o Roque<\/strong><br>Avenida Ant\u00f4nio Dias Bastos, 886<br>Centro &#8211; S\u00e3o Roque \u2013 CEP 18130-351<br>Hor\u00e1rio de atendimento:<br>Segunda a sexta feira das 9h00 \u00e0s 18h00.<br>S\u00e1bado das 8h30 \u00e0s 11h30.<br>Telefone: (11) 4023-2336 (11) 94745-3257<br>Email: microsomitu@gmail.com<\/p>\n\n\n\n<p><strong>Sorocaba<\/strong><br>Rua Professor Toledo, 96<br>Centro &#8211; Sorocaba \u2013 CEP 18035-110<br>Hor\u00e1rio de atendimento:<br>Segunda a sexta feira das 8h30 \u00e0s 17h30.<br>S\u00e1bado das 8h30 \u00e0s 11h30.<br>Telefone: (15) 3231-7577 (15) 99638-5071<br>Email: microsomsorocaba96@gmail.com<\/p>\n\n\n\n<p><strong>Taubat\u00e9<\/strong><br>Rua Doutor Souza Alves, 375<br>Centro &#8211; Taubat\u00e9 \u2013 CEP 12020-030<br>Hor\u00e1rio de atendimento:<br>Segunda a sexta feira das 8h30 \u00e0s 18h00.<br>S\u00e1bado das 8h30 \u00e0s 12h00.<br>Telefone: (11) 2090-4555 (11) 97240-7652<br>Email: contato@microsom.net.br<\/p>\n\n\n\n<p id=\"block-5215016a-9a00-40f9-975d-c6923a3a56a6\"><br><br><\/p>\n","protected":false},"excerpt":{"rendered":"<p>Grupo Microsom Aparelhos Auditivos Desconto de 15 % na\u00a0compra de Aparelhos Auditivos.Desconto de 10 % na\u00a0compra de Aparelho para Apneia do Sono CampinasRua Concei\u00e7\u00e3o, 233 &#8211; salas 307\/308Centro \u2013 Campinas \u2013 CEP 13010-050Hor\u00e1rio de atendimento:Segunda a sexta feira das 8h30 \u00e0s 18h00.S\u00e1bado das 8h30 \u00e0s 12h00.Telefone: (19) 2519-1515 (19) 99841-7764Email: campinas@microsom.com.br CerquilhoR. Dr. Soares Hungria, [&hellip;]<\/p>\n","protected":false},"author":2,"featured_media":0,"parent":0,"menu_order":0,"comment_status":"closed","ping_status":"closed","template":"","meta":{"footnotes":""},"class_list":["post-1357","page","type-page","status-publish","hentry"],"blog_post_layout_featured_media_urls":{"thumbnail":"","full":""},"categories_names":null,"comments_number":"0","wpmagazine_modules_lite_featured_media_urls":{"thumbnail":"","cvmm-medium":"","cvmm-medium-plus":"","cvmm-portrait":"","cvmm-medium-square":"","cvmm-large":"","cvmm-small":"","full":""},"_links":{"self":[{"href":"https:\/\/www.sindiapi.com.br\/2021\/index.php?rest_route=\/wp\/v2\/pages\/1357","targetHints":{"allow":["GET"]}}],"collection":[{"href":"https:\/\/www.sindiapi.com.br\/2021\/index.php?rest_route=\/wp\/v2\/pages"}],"about":[{"href":"https:\/\/www.sindiapi.com.br\/2021\/index.php?rest_route=\/wp\/v2\/types\/page"}],"author":[{"embeddable":true,"href":"https:\/\/www.sindiapi.com.br\/2021\/index.php?rest_route=\/wp\/v2\/users\/2"}],"replies":[{"embeddable":true,"href":"https:\/\/www.sindiapi.com.br\/2021\/index.php?rest_route=%2Fwp%2Fv2%2Fcomments&post=1357"}],"version-history":[{"count":1,"href":"https:\/\/www.sindiapi.com.br\/2021\/index.php?rest_route=\/wp\/v2\/pages\/1357\/revisions"}],"predecessor-version":[{"id":1358,"href":"https:\/\/www.sindiapi.com.br\/2021\/index.php?rest_route=\/wp\/v2\/pages\/1357\/revisions\/1358"}],"wp:attachment":[{"href":"https:\/\/www.sindiapi.com.br\/2021\/index.php?rest_route=%2Fwp%2Fv2%2Fmedia&parent=1357"}],"curies":[{"name":"wp","href":"https:\/\/api.w.org\/{rel}","templated":true}]}}