{"id":1325,"date":"2024-09-10T00:21:14","date_gmt":"2024-09-10T03:21:14","guid":{"rendered":"https:\/\/www.sindiapi.com.br\/2021\/?page_id=1325"},"modified":"2024-09-10T00:21:15","modified_gmt":"2024-09-10T03:21:15","slug":"beneficios-ceara-3","status":"publish","type":"page","link":"https:\/\/www.sindiapi.com.br\/2021\/?page_id=1325","title":{"rendered":"Benef\u00edcios Ceara"},"content":{"rendered":"\n<div class=\"wp-block-cover has-background-dim\" style=\"min-height:265px;aspect-ratio:unset;\"><video class=\"wp-block-cover__video-background intrinsic-ignore\" autoplay muted loop playsinline src=\"https:\/\/www.sindiapi.com.br\/2021\/wp-content\/uploads\/2024\/01\/pexels-vlada-karpovich-5798913-1080p.mp4\" style=\"object-position:52% 0%\" data-object-fit=\"cover\" data-object-position=\"52% 0%\"><\/video><div class=\"wp-block-cover__inner-container is-layout-flow wp-block-cover-is-layout-flow\">\n<p class=\"has-large-font-size\"><\/p>\n<\/div><\/div>\n\n\n\n<p class=\"has-large-font-size\"><strong>San Valentin Com\u00e9rcio de Produtos \u00d3pticos<\/strong><\/p>\n\n\n\n<p><br><br>Para \u00f3culos de grau completo: Lentes+arma\u00e7\u00e3o, desconto de 25% a vista e 15% a prazo.<\/p>\n\n\n\n<p>Para pe\u00e7as separadas, exemplo: S\u00f3 a arma\u00e7\u00e3o ou lentes, desconto de 15% a vista e 8% a prazo.&nbsp;&nbsp;&nbsp;&nbsp;&nbsp;&nbsp;&nbsp;<\/p>\n\n\n\n<p>Rua Santa Luzia, 251<br>Centro \u2013 Juazeiro do Norte &#8211; CE<strong>\u00a0&#8211; <\/strong>CEP 63010-227<\/p>\n\n\n\n<p>Hor\u00e1rio de atendimento:<br>Segunda a sexta feira das 8h00 \u00e0s 17h30.<br>S\u00e1bado das 8h00 \u00e0s 13h00.<\/p>\n\n\n\n<p>Telefone: (88) 3512-4240<\/p>\n","protected":false},"excerpt":{"rendered":"<p>San Valentin Com\u00e9rcio de Produtos \u00d3pticos Para \u00f3culos de grau completo: Lentes+arma\u00e7\u00e3o, desconto de 25% a vista e 15% a prazo. Para pe\u00e7as separadas, exemplo: S\u00f3 a arma\u00e7\u00e3o ou lentes, desconto de 15% a vista e 8% a prazo.&nbsp;&nbsp;&nbsp;&nbsp;&nbsp;&nbsp;&nbsp; Rua Santa Luzia, 251Centro \u2013 Juazeiro do Norte &#8211; CE\u00a0&#8211; CEP 63010-227 Hor\u00e1rio de atendimento:Segunda a [&hellip;]<\/p>\n","protected":false},"author":2,"featured_media":0,"parent":0,"menu_order":0,"comment_status":"closed","ping_status":"closed","template":"","meta":{"footnotes":""},"class_list":["post-1325","page","type-page","status-publish","hentry"],"blog_post_layout_featured_media_urls":{"thumbnail":"","full":""},"categories_names":null,"comments_number":"0","wpmagazine_modules_lite_featured_media_urls":{"thumbnail":"","cvmm-medium":"","cvmm-medium-plus":"","cvmm-portrait":"","cvmm-medium-square":"","cvmm-large":"","cvmm-small":"","full":""},"_links":{"self":[{"href":"https:\/\/www.sindiapi.com.br\/2021\/index.php?rest_route=\/wp\/v2\/pages\/1325","targetHints":{"allow":["GET"]}}],"collection":[{"href":"https:\/\/www.sindiapi.com.br\/2021\/index.php?rest_route=\/wp\/v2\/pages"}],"about":[{"href":"https:\/\/www.sindiapi.com.br\/2021\/index.php?rest_route=\/wp\/v2\/types\/page"}],"author":[{"embeddable":true,"href":"https:\/\/www.sindiapi.com.br\/2021\/index.php?rest_route=\/wp\/v2\/users\/2"}],"replies":[{"embeddable":true,"href":"https:\/\/www.sindiapi.com.br\/2021\/index.php?rest_route=%2Fwp%2Fv2%2Fcomments&post=1325"}],"version-history":[{"count":1,"href":"https:\/\/www.sindiapi.com.br\/2021\/index.php?rest_route=\/wp\/v2\/pages\/1325\/revisions"}],"predecessor-version":[{"id":1326,"href":"https:\/\/www.sindiapi.com.br\/2021\/index.php?rest_route=\/wp\/v2\/pages\/1325\/revisions\/1326"}],"wp:attachment":[{"href":"https:\/\/www.sindiapi.com.br\/2021\/index.php?rest_route=%2Fwp%2Fv2%2Fmedia&parent=1325"}],"curies":[{"name":"wp","href":"https:\/\/api.w.org\/{rel}","templated":true}]}}