{"id":1305,"date":"2024-09-09T23:39:50","date_gmt":"2024-09-10T02:39:50","guid":{"rendered":"https:\/\/www.sindiapi.com.br\/2021\/?page_id=1305"},"modified":"2024-09-09T23:40:19","modified_gmt":"2024-09-10T02:40:19","slug":"beneficios-sao-paulo-3","status":"publish","type":"page","link":"https:\/\/www.sindiapi.com.br\/2021\/?page_id=1305","title":{"rendered":"Benef\u00edcios S\u00e3o Paulo"},"content":{"rendered":"\n<div class=\"wp-block-cover has-background-dim\" style=\"min-height:265px;aspect-ratio:unset;\"><video class=\"wp-block-cover__video-background intrinsic-ignore\" autoplay muted loop playsinline src=\"https:\/\/www.sindiapi.com.br\/2021\/wp-content\/uploads\/2024\/01\/pexels-vlada-karpovich-5798913-1080p.mp4\" style=\"object-position:52% 0%\" data-object-fit=\"cover\" data-object-position=\"52% 0%\"><\/video><div class=\"wp-block-cover__inner-container is-layout-flow wp-block-cover-is-layout-flow\">\n<p class=\"has-large-font-size\"><\/p>\n<\/div><\/div>\n\n\n\n<p class=\"has-large-font-size\"><strong>Kouros Madicina Diagn\u00f3stica<\/strong><strong><\/strong><\/p>\n\n\n\n<p>Desconto de 30% em Medicina Diagn\u00f3stica<\/p>\n\n\n\n<ul class=\"wp-block-list\"><li>An\u00e1lises Cl\u00ednicas<\/li><li>Raio X e Densitometria<\/li><li>Mamografia e Ultrassonografia<\/li><\/ul>\n\n\n\n<p>Endere\u00e7o: Rua Francisca Miquelina, 232<br>Bela Vista \u2013 S\u00e3o Paulo \u2013 SP &#8211; CEP 01316-000<\/p>\n\n\n\n<p>Hor\u00e1rio de atendimento:<br>Segunda a sexta-feira:<br>An\u00e1lises Cl\u00ednicas: 07h00 \u00e0s 12h00<\/p>\n\n\n\n<p>Raio X e Densitometria: 07h00 \u00e0s 13h00<\/p>\n\n\n\n<p>Mamografia e Ultrassonografia: Previamente agendado via telefone<br>Telefone: (11) 3113-2323<\/p>\n","protected":false},"excerpt":{"rendered":"<p>Kouros Madicina Diagn\u00f3stica Desconto de 30% em Medicina Diagn\u00f3stica An\u00e1lises Cl\u00ednicas Raio X e Densitometria Mamografia e Ultrassonografia Endere\u00e7o: Rua Francisca Miquelina, 232Bela Vista \u2013 S\u00e3o Paulo \u2013 SP &#8211; CEP 01316-000 Hor\u00e1rio de atendimento:Segunda a sexta-feira:An\u00e1lises Cl\u00ednicas: 07h00 \u00e0s 12h00 Raio X e Densitometria: 07h00 \u00e0s 13h00 Mamografia e Ultrassonografia: Previamente agendado via telefoneTelefone: [&hellip;]<\/p>\n","protected":false},"author":2,"featured_media":0,"parent":0,"menu_order":0,"comment_status":"closed","ping_status":"closed","template":"","meta":{"footnotes":""},"class_list":["post-1305","page","type-page","status-publish","hentry"],"blog_post_layout_featured_media_urls":{"thumbnail":"","full":""},"categories_names":null,"comments_number":"0","wpmagazine_modules_lite_featured_media_urls":{"thumbnail":"","cvmm-medium":"","cvmm-medium-plus":"","cvmm-portrait":"","cvmm-medium-square":"","cvmm-large":"","cvmm-small":"","full":""},"_links":{"self":[{"href":"https:\/\/www.sindiapi.com.br\/2021\/index.php?rest_route=\/wp\/v2\/pages\/1305","targetHints":{"allow":["GET"]}}],"collection":[{"href":"https:\/\/www.sindiapi.com.br\/2021\/index.php?rest_route=\/wp\/v2\/pages"}],"about":[{"href":"https:\/\/www.sindiapi.com.br\/2021\/index.php?rest_route=\/wp\/v2\/types\/page"}],"author":[{"embeddable":true,"href":"https:\/\/www.sindiapi.com.br\/2021\/index.php?rest_route=\/wp\/v2\/users\/2"}],"replies":[{"embeddable":true,"href":"https:\/\/www.sindiapi.com.br\/2021\/index.php?rest_route=%2Fwp%2Fv2%2Fcomments&post=1305"}],"version-history":[{"count":2,"href":"https:\/\/www.sindiapi.com.br\/2021\/index.php?rest_route=\/wp\/v2\/pages\/1305\/revisions"}],"predecessor-version":[{"id":1309,"href":"https:\/\/www.sindiapi.com.br\/2021\/index.php?rest_route=\/wp\/v2\/pages\/1305\/revisions\/1309"}],"wp:attachment":[{"href":"https:\/\/www.sindiapi.com.br\/2021\/index.php?rest_route=%2Fwp%2Fv2%2Fmedia&parent=1305"}],"curies":[{"name":"wp","href":"https:\/\/api.w.org\/{rel}","templated":true}]}}