{"id":1286,"date":"2024-09-09T23:21:51","date_gmt":"2024-09-10T02:21:51","guid":{"rendered":"https:\/\/www.sindiapi.com.br\/2021\/?page_id=1286"},"modified":"2024-09-09T23:21:52","modified_gmt":"2024-09-10T02:21:52","slug":"beneficios-minas-gerais-4","status":"publish","type":"page","link":"https:\/\/www.sindiapi.com.br\/2021\/?page_id=1286","title":{"rendered":"Benef\u00edcios Minas Gerais"},"content":{"rendered":"\n<div class=\"wp-block-cover has-background-dim\" style=\"min-height:265px;aspect-ratio:unset;\"><video class=\"wp-block-cover__video-background intrinsic-ignore\" autoplay muted loop playsinline src=\"https:\/\/www.sindiapi.com.br\/2021\/wp-content\/uploads\/2024\/01\/pexels-vlada-karpovich-5798913-1080p.mp4\" style=\"object-position:52% 0%\" data-object-fit=\"cover\" data-object-position=\"52% 0%\"><\/video><div class=\"wp-block-cover__inner-container is-layout-flow wp-block-cover-is-layout-flow\">\n<p class=\"has-large-font-size\"><\/p>\n<\/div><\/div>\n\n\n\n<h2 class=\"has-large-font-size wp-block-heading\"><strong>\u00d3ticas Diniz<\/strong><strong><\/strong><\/h2>\n\n\n\n<p>Desconto de 15% em todas as mercadorias (lentes para \u00f3culos, arma\u00e7\u00f5es e \u00f3culos solar) nacionais e importados de todas as grifes, exceto lentes de contato;<\/p>\n\n\n\n<p>Desconto de 30% nas mercadorias descritas abaixo e de marca pr\u00f3pria. S\u00e3o elas: Arma\u00e7\u00f5es para \u00d3culos Jean Marcell, Atitude e Bulget;<\/p>\n\n\n\n<p>Lentes para \u00d3culos: Resina incolor de 0 a 2 graus, Resina incolor com tratamento Antirreflexo de 0 a 2 graus, Policarbonato incolor de 0 a 2 graus, Policarbonato incolor com tratamento Antirreflexo de 0 a 2 graus e Multifocais Horizon de 0 a 4 graus.<strong><\/strong><\/p>\n\n\n\n<p><strong>Endere\u00e7o das lojas:<\/strong><strong><\/strong><\/p>\n\n\n\n<p>\u2022 Avenida Afonso Pena 387, Loja Bairro Centro &#8211; Belo Horizonte \u2013 MG &#8211; CEP 30130-000<br>Hor\u00e1rio de atendimento: Segunda a sexta feira das 9h00 \u00e0s 18h00.<br>S\u00e1bado das 9h00 \u00e0s 13h00. Telefone: (31) 3271-8449 | (31) 3270-2700<\/p>\n\n\n\n<p>\u2022 Rua dos Carij\u00f3s 675, Bairro Centro &#8211; Belo Horizonte \u2013 MG &#8211; CEP 30120-064<br>Hor\u00e1rio de atendimento: Segunda a sexta feira das 9h00 \u00e0s 18h00.<br>S\u00e1bado das 9h00 \u00e0s 13h00. &nbsp;Telefone: (31) 3270-2700<\/p>\n\n\n\n<p>\u2022 Rua Padre Pedro Pinto 940, letra C &#8211; Bairro Venda Nova, Belo Horizonte \u2013 MG &#8211; CEP 31610-000<br>Hor\u00e1rio de atendimento: Segunda a sexta feira das 9h00 \u00e0s 18h00.<br>S\u00e1bado das 9h00 \u00e0s 13h00. Telefone:&nbsp;(31) 3457-8699<\/p>\n\n\n\n<p>\u2022 Rua \u00darsula Paulino 1574, Loja B Bairro Bet\u00e2nia, Belo Horizonte \u2013 MG &#8211; CEP 30580-002<br>Hor\u00e1rio de atendimento: Segunda a sexta feira das 9h00 \u00e0s 18h00. S\u00e1bado das 9h00 \u00e0s 13h00.<br>Telefone: (31) 3213-0808<\/p>\n\n\n\n<p>\u2022 Rua dos Caet\u00e9s 410, Bairro Centro &#8211; Belo Horizonte \u2013 MG &#8211; CEP 30120-080<br>Hor\u00e1rio de atendimento: Segunda a sexta feira das 9h00 \u00e0s 18h00. S\u00e1bado das 9h00 \u00e0s 13h00 &nbsp;(31) 3224-7814<\/p>\n\n\n\n<p>\u2022 Rua Padre Pedro Pinto 1555, Loja 02 Bloco 1 &#8211; Bairro Venda Nova, Belo Horizonte \u2013 MG &#8211; CEP 31510-000<br>Hor\u00e1rio de atendimento: Segunda a sexta feira das 9h00 \u00e0s 18h00. S\u00e1bado das 9h00 \u00e0s 13h00<br>Telefone: (31) 2118-0813<\/p>\n\n\n\n<p>\u2022 Av. Ab\u00edlio Machado 1929, Bairro Gl\u00f3ria &#8211; Belo Horizonte \u2013 MG &#8211; CEP 30830-373<br>Hor\u00e1rio de atendimento: Segunda a sexta feira das 9h00 \u00e0s 18h00. S\u00e1bado das 9h00 \u00e0s 13h00.<br>Telefone: (31) 3471-0769<\/p>\n\n\n\n<p>\u2022 Av. Amazonas 697, Bairro Centro, Betim \u2013 MG &#8211; CEP 32600-065<br>Hor\u00e1rio de atendimento: Segunda a sexta feira das 9h00 \u00e0s 18h00. S\u00e1bado das 9h00 \u00e0s 13h00.<br>Telefone: (31) 3530-9312<\/p>\n\n\n\n<p>\u2022 Minas Shopping &#8211; Av. Cristiano Machado 4000, Loja 734\/735 Bairro Uni\u00e3o, Belo Horizonte \u2013 MG &#8211; CEP 31160-900<br>Hor\u00e1rio de atendimento: Segunda a s\u00e1bado das 10h00 \u00e0s 22h00. Domingo das 14h00 \u00e0s 20h00.<br>Telefone: (31) 3657-1157<\/p>\n\n\n\n<p>\u2022 Av. Visconde de Ibituruna 131 Bairro Barreiro &#8211; Belo Horizonte \u2013 MG &#8211; CEP 30640-080<br>Hor\u00e1rio de atendimento: Segunda a sexta feira das 9h00 \u00e0s 18h00. S\u00e1bado das 9h00 \u00e0s 13h00.<br>Telefone: (31) 3243-4326<\/p>\n\n\n\n<p>\u2022 Av. Governador Valadares 351, Loja 01 Bairro Centro &#8211; Betim \u2013 MG &nbsp;CEP 32600-115<br>Hor\u00e1rio de atendimento: Segunda a sexta feira das 9h00 \u00e0s 18h00. S\u00e1bado das 9h00 \u00e0s 13h00.<br>Telefone: (31) 3532-3498<\/p>\n\n\n\n<p>\u2022 Av. Jo\u00e3o C\u00e9sar de Oliveira 2600, Bairro Eldorado, Contagem \u2013 MG &#8211; CEP 32310-000<br>Hor\u00e1rio de atendimento: Segunda a sexta feira das 9h00 \u00e0s 18h00. S\u00e1bado das 9h00 \u00e0s 13h00.<br>Telefone: (31) 3355-3794<\/p>\n\n\n\n<p>\u2022 Rua dos Tupis 334, Bairro Centro &#8211; Belo Horizonte \u2013 MG &#8211; CEP 30190-061<br>Hor\u00e1rio de atendimento: Segunda a sexta feira das 9h00 \u00e0s 18h00. S\u00e1bado das 9h00 \u00e0s 13h00.<br>Telefone: (31) 3273-3414<\/p>\n\n\n\n<p>\u2022 Shopping Esta\u00e7\u00e3o BH Av. Cristiano Machado 11833, Loja 1063 A Bairro Vila Cl\u00f3ris &#8211; Belo Horizonte \u2013 MG &#8211; CEP 31744-007<br>Hor\u00e1rio de atendimento: Segunda a s\u00e1bado das 10h00 \u00e0s 22h00. Domingo das 14h00 \u00e0s 20h00.<br>Telefone: (31) 3118-9534<\/p>\n\n\n\n<p>\u2022 Rua dos Tam\u00f3ios 505 Bairro Centro &#8211; Belo Horizonte \u2013 MG &#8211; CEP 30120-054<br>Hor\u00e1rio de atendimento: Segunda a sexta feira das 9h00 \u00e0s 18h00. S\u00e1bado das 9h00 \u00e0s 13h00.<br>Telefone: (31) 3272-5530<\/p>\n\n\n\n<p>\u2022 Rua Tiradentes 2538, Loja 01, Bairro Industrial &#8211; Contagem \u2013 MG &#8211; CEP 32230-020<br>Hor\u00e1rio de atendimento: Segunda a sexta feira das 9h00 \u00e0s 18h00. S\u00e1bado das 9h00 \u00e0s 13h00.<br>Telefone: (31) 3361-5205<\/p>\n\n\n\n<p>\u2022 Ita\u00fa Power Shopping Av. General David Sarnoff 5160, Loja 74 Bairro Cidade Industrial &#8211; Contagem \u2013 MG &#8211; CEP 32210-110<br>Hor\u00e1rio de atendimento: Segunda a s\u00e1bado das 10h00 \u00e0s 22h00. Domingo das 14h00 \u00e0s 20h00.<br>Telefone: (31) 3912-9180<\/p>\n\n\n\n<p>\u2022 Rua da Bahia 992, Loja Bairro Centro &#8211; Belo Horizonte \u2013 MG &#8211; CEP 30160-011<br>Hor\u00e1rio de atendimento: Segunda a sexta feira das 9h00 \u00e0s 18h00. S\u00e1bado das 9h00 \u00e0s 13h00.<br>Telefone: (31) 3224-6757<\/p>\n\n\n\n<p>\u2022 Rua Padre Pedro Pinto 422, Loja 03 Pav. 3 Bairro Venda Nova &#8211; Belo Horizonte \u2013 MG &#8211; CEP 31610-000<br>Hor\u00e1rio de atendimento: Segunda a sexta feira das 9h00 \u00e0s 18h00. S\u00e1bado das 9h00 \u00e0s 13h00.<br>Telefone: (31) 3347-5204<\/p>\n\n\n\n<p>\u2022 Av. Afonso Pena 871 Bairro Centro &#8211; Belo Horizonte \u2013 MG &#8211; CEP 30130-002<br>Hor\u00e1rio de atendimento: Segunda a sexta feira das 9h00 \u00e0s 18h00. S\u00e1bado das 9h00 \u00e0s 13h00.<br>Telefone: (31) 3214-128<\/p>\n\n\n\n<p>\u2022 Boulevard Shopping Av. dos Andradas 3000, Loja 1025 Bairro Santa Efig\u00eania, Belo Horizonte \u2013 MG &#8211; CEP 30260-070<br>Hor\u00e1rio de atendimento: Segunda a s\u00e1bado das 10h00 \u00e0s 22h00. Domingo das 14h00 \u00e0s 20h00.<br>Telefone: (31) 3658-4800<\/p>\n\n\n\n<p>\u2022 Rua Domingos Viana 37 Bairro Centro, Curvelo \u2013 MG &#8211; CEP 35790-030<br>Hor\u00e1rio de atendimento: Segunda a sexta feira das 9h00 \u00e0s 18h00. S\u00e1bado das 9h00 \u00e0s 13h00.<br>Telefone:&nbsp;(38) 99902-1013<\/p>\n\n\n\n<p>\u2022 Shopping Contagem Av. Severino Ballesteros Rodrigues 850, Loja 1016 Bairro Ressaca &#8211; Contagem \u2013 MG &#8211; CEP 32110-005<br>Hor\u00e1rio de atendimento: Segunda a s\u00e1bado das 10h00 \u00e0s 22h00. Domingo das 14h00 \u00e0s 20h00.<br>Telefone: (31) 2524-2247<\/p>\n\n\n\n<p>\u2022 Rua dos Tupinamb\u00e1s 453, Loja 05 Bairro Centro &#8211; Belo Horizonte \u2013 MG &#8211; CEP 30120-074<br>Hor\u00e1rio de atendimento: Segunda a sexta feira das 9h00 \u00e0s 18h00. S\u00e1bado das 9h00 \u00e0s 13h00.<br>Telefone: &nbsp;(31) 3201-1787<\/p>\n\n\n\n<p>\u2022 Av. Crist\u00f3v\u00e3o Colombo 175 Bairro Savassi &#8211; Belo Horizonte \u2013 MG &#8211; CEP 30140-140<br>Hor\u00e1rio de atendimento: Segunda a sexta feira das 9h00 \u00e0s 18h00. S\u00e1bado das 9h00 \u00e0s 13h00.<br>Telefone: (31) 3283-0864<\/p>\n\n\n\n<p>\u2022 Partage Shopping Rod BR 381 Fern\u00e3o Dias, KM 492, Loja 2090 e 2091 Bairro S\u00e3o Jo\u00e3o &#8211; Betim \u2013 MG &#8211; CEP 32655-505<br>Hor\u00e1rio de atendimento: Segunda a s\u00e1bado das 10h00 \u00e0s 22h00. Domingo das 14h00 \u00e0s 20h00.<br>Telefone: (31) 3117-1290<\/p>\n\n\n\n<p>\u2022 Av. Jo\u00e3o C\u00e9sar de Oliveira 2796, Loja A Bairro Eldorado, Contagem \u2013 MG &#8211; CEP 32310-000<br>Hor\u00e1rio de atendimento: Segunda a sexta feira das 9h00 \u00e0s 18h00. S\u00e1bado das 9h00 \u00e0s 13h00.<br>Telefone: (31) 3356-3940<\/p>\n\n\n\n<p>\u2022 Av. Sinfr\u00f4nio Brochado 160 Bairro Barreiro &#8211; Belo Horizonte \u2013 MG &#8211; CEP 30640-000<br>Hor\u00e1rio de atendimento: Segunda a sexta feira das 9h00 \u00e0s 18h00. S\u00e1bado das 9h00 \u00e0s 13h00.<br>Telefone:&nbsp;(31) 3384-2707<\/p>\n\n\n\n<p>\u2022 Av. Bras\u00edlia 1801 Bairro S\u00e3o Benedito, Santa Luzia \u2013 MG &#8211; CEP 33105-513<br>Hor\u00e1rio de atendimento: Segunda a sexta feira das 9h00 \u00e0s 18h00. S\u00e1bado das 9h00 \u00e0s 13h00.<br>Telefone: (31) 3634-3120<\/p>\n","protected":false},"excerpt":{"rendered":"<p>\u00d3ticas Diniz Desconto de 15% em todas as mercadorias (lentes para \u00f3culos, arma\u00e7\u00f5es e \u00f3culos solar) nacionais e importados de todas as grifes, exceto lentes de contato; Desconto de 30% nas mercadorias descritas abaixo e de marca pr\u00f3pria. S\u00e3o elas: Arma\u00e7\u00f5es para \u00d3culos Jean Marcell, Atitude e Bulget; Lentes para \u00d3culos: Resina incolor de 0 [&hellip;]<\/p>\n","protected":false},"author":2,"featured_media":0,"parent":0,"menu_order":0,"comment_status":"closed","ping_status":"closed","template":"","meta":{"footnotes":""},"class_list":["post-1286","page","type-page","status-publish","hentry"],"blog_post_layout_featured_media_urls":{"thumbnail":"","full":""},"categories_names":null,"comments_number":"0","wpmagazine_modules_lite_featured_media_urls":{"thumbnail":"","cvmm-medium":"","cvmm-medium-plus":"","cvmm-portrait":"","cvmm-medium-square":"","cvmm-large":"","cvmm-small":"","full":""},"_links":{"self":[{"href":"https:\/\/www.sindiapi.com.br\/2021\/index.php?rest_route=\/wp\/v2\/pages\/1286","targetHints":{"allow":["GET"]}}],"collection":[{"href":"https:\/\/www.sindiapi.com.br\/2021\/index.php?rest_route=\/wp\/v2\/pages"}],"about":[{"href":"https:\/\/www.sindiapi.com.br\/2021\/index.php?rest_route=\/wp\/v2\/types\/page"}],"author":[{"embeddable":true,"href":"https:\/\/www.sindiapi.com.br\/2021\/index.php?rest_route=\/wp\/v2\/users\/2"}],"replies":[{"embeddable":true,"href":"https:\/\/www.sindiapi.com.br\/2021\/index.php?rest_route=%2Fwp%2Fv2%2Fcomments&post=1286"}],"version-history":[{"count":1,"href":"https:\/\/www.sindiapi.com.br\/2021\/index.php?rest_route=\/wp\/v2\/pages\/1286\/revisions"}],"predecessor-version":[{"id":1287,"href":"https:\/\/www.sindiapi.com.br\/2021\/index.php?rest_route=\/wp\/v2\/pages\/1286\/revisions\/1287"}],"wp:attachment":[{"href":"https:\/\/www.sindiapi.com.br\/2021\/index.php?rest_route=%2Fwp%2Fv2%2Fmedia&parent=1286"}],"curies":[{"name":"wp","href":"https:\/\/api.w.org\/{rel}","templated":true}]}}