{"id":1277,"date":"2024-09-09T23:19:29","date_gmt":"2024-09-10T02:19:29","guid":{"rendered":"https:\/\/www.sindiapi.com.br\/2021\/?page_id=1277"},"modified":"2024-09-09T23:19:30","modified_gmt":"2024-09-10T02:19:30","slug":"beneficios-minas-gerais-2","status":"publish","type":"page","link":"https:\/\/www.sindiapi.com.br\/2021\/?page_id=1277","title":{"rendered":"Benef\u00edcios Minas Gerais"},"content":{"rendered":"\n<div class=\"wp-block-cover has-background-dim\" style=\"min-height:265px;aspect-ratio:unset;\"><video class=\"wp-block-cover__video-background intrinsic-ignore\" autoplay muted loop playsinline src=\"https:\/\/www.sindiapi.com.br\/2021\/wp-content\/uploads\/2024\/01\/pexels-vlada-karpovich-5798913-1080p.mp4\" style=\"object-position:52% 0%\" data-object-fit=\"cover\" data-object-position=\"52% 0%\"><\/video><div class=\"wp-block-cover__inner-container is-layout-flow wp-block-cover-is-layout-flow\">\n<p class=\"has-large-font-size\"><\/p>\n<\/div><\/div>\n\n\n\n<h2 class=\"has-large-font-size wp-block-heading\"><strong>Audiototal Aparelhos Auditivos<\/strong><strong><\/strong><\/h2>\n\n\n\n<p>Desconto de 20% em todas as linhas de Aparelhos Auditivos.<\/p>\n\n\n\n<p>Audiometria e consulta Fonoaudiol\u00f3gica gr\u00e1tis.<br>Rua Cear\u00e1, 565 &#8211; Santa Efig\u00eania, Belo Horizonte\/MG<strong>&nbsp;&#8211; <\/strong>CEP 30150-312<br>Hor\u00e1rio de atendimento: Segunda a sexta feira das 8h30 \u00e0s 18h00.<br>Telefone: (31) 2535-6363<\/p>\n\n\n\n<p>Acesse o site www.audiototal.com.br e descubra mais!<\/p>\n","protected":false},"excerpt":{"rendered":"<p>Audiototal Aparelhos Auditivos Desconto de 20% em todas as linhas de Aparelhos Auditivos. Audiometria e consulta Fonoaudiol\u00f3gica gr\u00e1tis.Rua Cear\u00e1, 565 &#8211; Santa Efig\u00eania, Belo Horizonte\/MG&nbsp;&#8211; CEP 30150-312Hor\u00e1rio de atendimento: Segunda a sexta feira das 8h30 \u00e0s 18h00.Telefone: (31) 2535-6363 Acesse o site www.audiototal.com.br e descubra mais!<\/p>\n","protected":false},"author":2,"featured_media":0,"parent":0,"menu_order":0,"comment_status":"closed","ping_status":"closed","template":"","meta":{"footnotes":""},"class_list":["post-1277","page","type-page","status-publish","hentry"],"blog_post_layout_featured_media_urls":{"thumbnail":"","full":""},"categories_names":null,"comments_number":"0","wpmagazine_modules_lite_featured_media_urls":{"thumbnail":"","cvmm-medium":"","cvmm-medium-plus":"","cvmm-portrait":"","cvmm-medium-square":"","cvmm-large":"","cvmm-small":"","full":""},"_links":{"self":[{"href":"https:\/\/www.sindiapi.com.br\/2021\/index.php?rest_route=\/wp\/v2\/pages\/1277","targetHints":{"allow":["GET"]}}],"collection":[{"href":"https:\/\/www.sindiapi.com.br\/2021\/index.php?rest_route=\/wp\/v2\/pages"}],"about":[{"href":"https:\/\/www.sindiapi.com.br\/2021\/index.php?rest_route=\/wp\/v2\/types\/page"}],"author":[{"embeddable":true,"href":"https:\/\/www.sindiapi.com.br\/2021\/index.php?rest_route=\/wp\/v2\/users\/2"}],"replies":[{"embeddable":true,"href":"https:\/\/www.sindiapi.com.br\/2021\/index.php?rest_route=%2Fwp%2Fv2%2Fcomments&post=1277"}],"version-history":[{"count":1,"href":"https:\/\/www.sindiapi.com.br\/2021\/index.php?rest_route=\/wp\/v2\/pages\/1277\/revisions"}],"predecessor-version":[{"id":1279,"href":"https:\/\/www.sindiapi.com.br\/2021\/index.php?rest_route=\/wp\/v2\/pages\/1277\/revisions\/1279"}],"wp:attachment":[{"href":"https:\/\/www.sindiapi.com.br\/2021\/index.php?rest_route=%2Fwp%2Fv2%2Fmedia&parent=1277"}],"curies":[{"name":"wp","href":"https:\/\/api.w.org\/{rel}","templated":true}]}}