{"id":1244,"date":"2024-08-26T19:04:19","date_gmt":"2024-08-26T22:04:19","guid":{"rendered":"https:\/\/www.sindiapi.com.br\/2021\/?page_id=1244"},"modified":"2024-09-10T01:02:47","modified_gmt":"2024-09-10T04:02:47","slug":"beneficios-amazonas","status":"publish","type":"page","link":"https:\/\/www.sindiapi.com.br\/2021\/?page_id=1244","title":{"rendered":"Benef\u00edcios Amazonas"},"content":{"rendered":"\n<div class=\"wp-block-cover has-background-dim\" style=\"min-height:265px;aspect-ratio:unset;\"><video class=\"wp-block-cover__video-background intrinsic-ignore\" autoplay muted loop playsinline src=\"https:\/\/www.sindiapi.com.br\/2021\/wp-content\/uploads\/2024\/01\/pexels-vlada-karpovich-5798913-1080p.mp4\" style=\"object-position:50% 0%\" data-object-fit=\"cover\" data-object-position=\"50% 0%\"><\/video><div class=\"wp-block-cover__inner-container is-layout-flow wp-block-cover-is-layout-flow\">\n<p class=\"has-large-font-size\"><\/p>\n<\/div><\/div>\n\n\n\n<p class=\"has-large-font-size\"><strong>Grupo Microsom Aparelhos Auditivos<\/strong><\/p>\n\n\n\n<p>Desconto de 15 % na&nbsp;compra de Aparelhos Auditivos.<br>Desconto de 10 % na&nbsp;compra de Aparelho para Apneia do Sono<\/p>\n\n\n\n<p>Av. Alvaro Maia, 2166 &#8211; Adrian\u00f3polis, Manaus\/AM \u2013 CEP 69025-310<br>Hor\u00e1rio de atendimento: Segunda a sexta feira das 8h00 \u00e0s 17h00. S\u00e1bado das 8h00 \u00e0s 12h00.<br>Telefone: (92) 98185-4929<br>Email: microsommanaus@gmail.com<\/p>\n","protected":false},"excerpt":{"rendered":"<p>Grupo Microsom Aparelhos Auditivos Desconto de 15 % na&nbsp;compra de Aparelhos Auditivos.Desconto de 10 % na&nbsp;compra de Aparelho para Apneia do Sono Av. Alvaro Maia, 2166 &#8211; Adrian\u00f3polis, Manaus\/AM \u2013 CEP 69025-310Hor\u00e1rio de atendimento: Segunda a sexta feira das 8h00 \u00e0s 17h00. S\u00e1bado das 8h00 \u00e0s 12h00.Telefone: (92) 98185-4929Email: microsommanaus@gmail.com<\/p>\n","protected":false},"author":2,"featured_media":0,"parent":0,"menu_order":0,"comment_status":"closed","ping_status":"closed","template":"","meta":{"footnotes":""},"class_list":["post-1244","page","type-page","status-publish","hentry"],"blog_post_layout_featured_media_urls":{"thumbnail":"","full":""},"categories_names":null,"comments_number":"0","wpmagazine_modules_lite_featured_media_urls":{"thumbnail":"","cvmm-medium":"","cvmm-medium-plus":"","cvmm-portrait":"","cvmm-medium-square":"","cvmm-large":"","cvmm-small":"","full":""},"_links":{"self":[{"href":"https:\/\/www.sindiapi.com.br\/2021\/index.php?rest_route=\/wp\/v2\/pages\/1244","targetHints":{"allow":["GET"]}}],"collection":[{"href":"https:\/\/www.sindiapi.com.br\/2021\/index.php?rest_route=\/wp\/v2\/pages"}],"about":[{"href":"https:\/\/www.sindiapi.com.br\/2021\/index.php?rest_route=\/wp\/v2\/types\/page"}],"author":[{"embeddable":true,"href":"https:\/\/www.sindiapi.com.br\/2021\/index.php?rest_route=\/wp\/v2\/users\/2"}],"replies":[{"embeddable":true,"href":"https:\/\/www.sindiapi.com.br\/2021\/index.php?rest_route=%2Fwp%2Fv2%2Fcomments&post=1244"}],"version-history":[{"count":4,"href":"https:\/\/www.sindiapi.com.br\/2021\/index.php?rest_route=\/wp\/v2\/pages\/1244\/revisions"}],"predecessor-version":[{"id":1362,"href":"https:\/\/www.sindiapi.com.br\/2021\/index.php?rest_route=\/wp\/v2\/pages\/1244\/revisions\/1362"}],"wp:attachment":[{"href":"https:\/\/www.sindiapi.com.br\/2021\/index.php?rest_route=%2Fwp%2Fv2%2Fmedia&parent=1244"}],"curies":[{"name":"wp","href":"https:\/\/api.w.org\/{rel}","templated":true}]}}