{"id":1172,"date":"2024-04-19T15:00:25","date_gmt":"2024-04-19T18:00:25","guid":{"rendered":"https:\/\/www.sindiapi.com.br\/2021\/?page_id=1172"},"modified":"2024-04-19T15:00:34","modified_gmt":"2024-04-19T18:00:34","slug":"beneficios-rio-de-janeiro","status":"publish","type":"page","link":"https:\/\/www.sindiapi.com.br\/2021\/?page_id=1172","title":{"rendered":"Benef\u00edcios Rio de Janeiro"},"content":{"rendered":"\n<div class=\"wp-block-cover has-background-dim\" style=\"min-height:265px;aspect-ratio:unset;\"><video class=\"wp-block-cover__video-background intrinsic-ignore\" autoplay muted loop playsinline src=\"https:\/\/www.sindiapi.com.br\/2021\/wp-content\/uploads\/2024\/01\/pexels-vlada-karpovich-5798913-1080p.mp4\" style=\"object-position:52% 0%\" data-object-fit=\"cover\" data-object-position=\"52% 0%\"><\/video><div class=\"wp-block-cover__inner-container is-layout-flow wp-block-cover-is-layout-flow\">\n<p class=\"has-large-font-size\"><\/p>\n<\/div><\/div>\n\n\n\n<p><\/p>\n\n\n\n<p class=\"has-large-font-size\"><strong>\u00d3ticas Diniz<\/strong><strong><\/strong><\/p>\n\n\n\n<p>Pagamento \u00e0 vista ser\u00e1 concedido desconto de 30% (trinta por cento) sobre o valor total do pre\u00e7o \u00e1 vista.<br>Pagamento em at\u00e9 04 vezes sem juros (todos os cart\u00f5es) ser\u00e1 concedido desconto de 25% (vinte e cinco por cento).<br>Pagamento de 05 a 10 vezes sem juros (todos os cart\u00f5es) ser\u00e1 concedido desconto de 20% (vinte cento).<\/p>\n\n\n\n<p>Lentes de contato marca pr\u00f3pria (DNZ) de acordo com grade do fornecedor com 10% (dez por cento) de desconto e pagamento em at\u00e9 04 vezes sem juros (todos os cart\u00f5es).<\/p>\n\n\n\n<p><strong>Endere\u00e7o das lojas:<\/strong><\/p>\n\n\n\n<p>Rua Uruguaiana, 11 Centro \u2013 Rio de Janeiro \u2013 RJ &#8211; CEP 20050-093<\/p>\n\n\n\n<p><strong>Hor\u00e1rio de atendimento:<\/strong> Segunda a sexta feira das 8h30 \u00e0s 18h30.<\/p>\n\n\n\n<p><strong>Telefone: <\/strong>(21) 9.7144-4105 \/(31) 3270-2700<\/p>\n\n\n\n<p>Avenida Rio Branco, 120 \u2013 Loja 20 \u2013 Galeria do Com\u00e9rcio Centro \u2013 Rio de Janeiro \u2013 RJ &#8211; CEP 20050-093<\/p>\n\n\n\n<p><strong>Hor\u00e1rio de atendimento:<\/strong> Segunda a sexta feira das 9h00 \u00e0s 19h00. S\u00e1bado das 9h00 as 13h00<\/p>\n\n\n\n<p><strong>Telefone:<\/strong> (21) 3176-3309 \/ \u00a0(21) 9.7146-7457<\/p>\n","protected":false},"excerpt":{"rendered":"<p>\u00d3ticas Diniz Pagamento \u00e0 vista ser\u00e1 concedido desconto de 30% (trinta por cento) sobre o valor total do pre\u00e7o \u00e1 vista.Pagamento em at\u00e9 04 vezes sem juros (todos os cart\u00f5es) ser\u00e1 concedido desconto de 25% (vinte e cinco por cento).Pagamento de 05 a 10 vezes sem juros (todos os cart\u00f5es) ser\u00e1 concedido desconto de 20% [&hellip;]<\/p>\n","protected":false},"author":2,"featured_media":0,"parent":0,"menu_order":0,"comment_status":"closed","ping_status":"closed","template":"","meta":{"footnotes":""},"class_list":["post-1172","page","type-page","status-publish","hentry"],"blog_post_layout_featured_media_urls":{"thumbnail":"","full":""},"categories_names":null,"comments_number":"0","wpmagazine_modules_lite_featured_media_urls":{"thumbnail":"","cvmm-medium":"","cvmm-medium-plus":"","cvmm-portrait":"","cvmm-medium-square":"","cvmm-large":"","cvmm-small":"","full":""},"_links":{"self":[{"href":"https:\/\/www.sindiapi.com.br\/2021\/index.php?rest_route=\/wp\/v2\/pages\/1172","targetHints":{"allow":["GET"]}}],"collection":[{"href":"https:\/\/www.sindiapi.com.br\/2021\/index.php?rest_route=\/wp\/v2\/pages"}],"about":[{"href":"https:\/\/www.sindiapi.com.br\/2021\/index.php?rest_route=\/wp\/v2\/types\/page"}],"author":[{"embeddable":true,"href":"https:\/\/www.sindiapi.com.br\/2021\/index.php?rest_route=\/wp\/v2\/users\/2"}],"replies":[{"embeddable":true,"href":"https:\/\/www.sindiapi.com.br\/2021\/index.php?rest_route=%2Fwp%2Fv2%2Fcomments&post=1172"}],"version-history":[{"count":1,"href":"https:\/\/www.sindiapi.com.br\/2021\/index.php?rest_route=\/wp\/v2\/pages\/1172\/revisions"}],"predecessor-version":[{"id":1173,"href":"https:\/\/www.sindiapi.com.br\/2021\/index.php?rest_route=\/wp\/v2\/pages\/1172\/revisions\/1173"}],"wp:attachment":[{"href":"https:\/\/www.sindiapi.com.br\/2021\/index.php?rest_route=%2Fwp%2Fv2%2Fmedia&parent=1172"}],"curies":[{"name":"wp","href":"https:\/\/api.w.org\/{rel}","templated":true}]}}